{"id":163,"date":"2023-06-01T20:44:49","date_gmt":"2023-06-01T20:44:49","guid":{"rendered":"https:\/\/mowa.cl\/?page_id=163"},"modified":"2023-06-01T22:14:24","modified_gmt":"2023-06-01T22:14:24","slug":"soporte-tecnico","status":"publish","type":"page","link":"https:\/\/mowa.cl\/index.php\/soporte-tecnico\/","title":{"rendered":"Soporte"},"content":{"rendered":"\t\t<div data-elementor-type=\"wp-page\" data-elementor-id=\"163\" class=\"elementor elementor-163\">\n\t\t\t\t<div class=\"elementor-element elementor-element-5ba98eb e-flex e-con-boxed e-con e-parent\" data-id=\"5ba98eb\" data-element_type=\"container\">\n\t\t\t\t\t<div class=\"e-con-inner\">\n\t\t\t\t<div class=\"elementor-element elementor-element-c280cb0 elementor-widget elementor-widget-image\" data-id=\"c280cb0\" data-element_type=\"widget\" data-widget_type=\"image.default\">\n\t\t\t\t<div class=\"elementor-widget-container\">\n\t\t\t<style>\/*! elementor - v3.23.0 - 05-08-2024 *\/\n.elementor-widget-image{text-align:center}.elementor-widget-image a{display:inline-block}.elementor-widget-image a img[src$=\".svg\"]{width:48px}.elementor-widget-image img{vertical-align:middle;display:inline-block}<\/style>\t\t\t\t\t\t\t\t\t\t<img fetchpriority=\"high\" decoding=\"async\" width=\"634\" height=\"627\" src=\"https:\/\/mowa.cl\/wp-content\/uploads\/2023\/06\/pngwing.com-6.png\" class=\"attachment-medium_large size-medium_large wp-image-166\" alt=\"\" srcset=\"https:\/\/mowa.cl\/wp-content\/uploads\/2023\/06\/pngwing.com-6.png 634w, https:\/\/mowa.cl\/wp-content\/uploads\/2023\/06\/pngwing.com-6-300x297.png 300w\" sizes=\"(max-width: 634px) 100vw, 634px\" \/>\t\t\t\t\t\t\t\t\t\t\t\t\t<\/div>\n\t\t\t\t<\/div>\n\t\t\t\t\t<\/div>\n\t\t\t\t<\/div>\n\t\t<div class=\"elementor-element elementor-element-333a184 e-flex e-con-boxed e-con e-parent\" data-id=\"333a184\" data-element_type=\"container\">\n\t\t\t\t\t<div class=\"e-con-inner\">\n\t\t\t\t<div class=\"elementor-element elementor-element-190489a elementor-widget-divider--separator-type-pattern elementor-widget-divider--no-spacing elementor-widget-divider--view-line elementor-widget elementor-widget-divider\" data-id=\"190489a\" data-element_type=\"widget\" data-widget_type=\"divider.default\">\n\t\t\t\t<div class=\"elementor-widget-container\">\n\t\t\t<style>\/*! elementor - v3.23.0 - 05-08-2024 *\/\n.elementor-widget-divider{--divider-border-style:none;--divider-border-width:1px;--divider-color:#0c0d0e;--divider-icon-size:20px;--divider-element-spacing:10px;--divider-pattern-height:24px;--divider-pattern-size:20px;--divider-pattern-url:none;--divider-pattern-repeat:repeat-x}.elementor-widget-divider .elementor-divider{display:flex}.elementor-widget-divider .elementor-divider__text{font-size:15px;line-height:1;max-width:95%}.elementor-widget-divider .elementor-divider__element{margin:0 var(--divider-element-spacing);flex-shrink:0}.elementor-widget-divider .elementor-icon{font-size:var(--divider-icon-size)}.elementor-widget-divider .elementor-divider-separator{display:flex;margin:0;direction:ltr}.elementor-widget-divider--view-line_icon .elementor-divider-separator,.elementor-widget-divider--view-line_text .elementor-divider-separator{align-items:center}.elementor-widget-divider--view-line_icon .elementor-divider-separator:after,.elementor-widget-divider--view-line_icon .elementor-divider-separator:before,.elementor-widget-divider--view-line_text .elementor-divider-separator:after,.elementor-widget-divider--view-line_text .elementor-divider-separator:before{display:block;content:\"\";border-block-end:0;flex-grow:1;border-block-start:var(--divider-border-width) var(--divider-border-style) var(--divider-color)}.elementor-widget-divider--element-align-left .elementor-divider .elementor-divider-separator>.elementor-divider__svg:first-of-type{flex-grow:0;flex-shrink:100}.elementor-widget-divider--element-align-left .elementor-divider-separator:before{content:none}.elementor-widget-divider--element-align-left .elementor-divider__element{margin-left:0}.elementor-widget-divider--element-align-right .elementor-divider .elementor-divider-separator>.elementor-divider__svg:last-of-type{flex-grow:0;flex-shrink:100}.elementor-widget-divider--element-align-right .elementor-divider-separator:after{content:none}.elementor-widget-divider--element-align-right .elementor-divider__element{margin-right:0}.elementor-widget-divider--element-align-start .elementor-divider .elementor-divider-separator>.elementor-divider__svg:first-of-type{flex-grow:0;flex-shrink:100}.elementor-widget-divider--element-align-start .elementor-divider-separator:before{content:none}.elementor-widget-divider--element-align-start .elementor-divider__element{margin-inline-start:0}.elementor-widget-divider--element-align-end .elementor-divider .elementor-divider-separator>.elementor-divider__svg:last-of-type{flex-grow:0;flex-shrink:100}.elementor-widget-divider--element-align-end .elementor-divider-separator:after{content:none}.elementor-widget-divider--element-align-end .elementor-divider__element{margin-inline-end:0}.elementor-widget-divider:not(.elementor-widget-divider--view-line_text):not(.elementor-widget-divider--view-line_icon) .elementor-divider-separator{border-block-start:var(--divider-border-width) var(--divider-border-style) var(--divider-color)}.elementor-widget-divider--separator-type-pattern{--divider-border-style:none}.elementor-widget-divider--separator-type-pattern.elementor-widget-divider--view-line .elementor-divider-separator,.elementor-widget-divider--separator-type-pattern:not(.elementor-widget-divider--view-line) .elementor-divider-separator:after,.elementor-widget-divider--separator-type-pattern:not(.elementor-widget-divider--view-line) .elementor-divider-separator:before,.elementor-widget-divider--separator-type-pattern:not([class*=elementor-widget-divider--view]) .elementor-divider-separator{width:100%;min-height:var(--divider-pattern-height);-webkit-mask-size:var(--divider-pattern-size) 100%;mask-size:var(--divider-pattern-size) 100%;-webkit-mask-repeat:var(--divider-pattern-repeat);mask-repeat:var(--divider-pattern-repeat);background-color:var(--divider-color);-webkit-mask-image:var(--divider-pattern-url);mask-image:var(--divider-pattern-url)}.elementor-widget-divider--no-spacing{--divider-pattern-size:auto}.elementor-widget-divider--bg-round{--divider-pattern-repeat:round}.rtl .elementor-widget-divider .elementor-divider__text{direction:rtl}.e-con-inner>.elementor-widget-divider,.e-con>.elementor-widget-divider{width:var(--container-widget-width,100%);--flex-grow:var(--container-widget-flex-grow)}<\/style>\t\t<div class=\"elementor-divider\" style=\"--divider-pattern-url: url(&quot;data:image\/svg+xml,%3Csvg xmlns=&#039;http:\/\/www.w3.org\/2000\/svg&#039; preserveAspectRatio=&#039;none&#039; overflow=&#039;visible&#039; height=&#039;100%&#039; viewBox=&#039;0 0 24 24&#039; fill=&#039;black&#039; stroke=&#039;none&#039;%3E%3Cpath d=&#039;M24,8v12H0V8H24z M24,4v1H0V4H24z&#039;\/%3E%3C\/svg%3E&quot;);\">\n\t\t\t<span class=\"elementor-divider-separator\">\n\t\t\t\t\t\t<\/span>\n\t\t<\/div>\n\t\t\t\t<\/div>\n\t\t\t\t<\/div>\n\t\t\t\t\t<\/div>\n\t\t\t\t<\/div>\n\t\t<div class=\"elementor-element elementor-element-6d5ae2a e-flex e-con-boxed e-con e-parent\" data-id=\"6d5ae2a\" data-element_type=\"container\">\n\t\t\t\t\t<div class=\"e-con-inner\">\n\t\t\t\t<div class=\"elementor-element elementor-element-4e76e43 elementor-widget elementor-widget-heading\" data-id=\"4e76e43\" data-element_type=\"widget\" data-widget_type=\"heading.default\">\n\t\t\t\t<div class=\"elementor-widget-container\">\n\t\t\t<style>\/*! elementor - v3.23.0 - 05-08-2024 *\/\n.elementor-heading-title{padding:0;margin:0;line-height:1}.elementor-widget-heading .elementor-heading-title[class*=elementor-size-]>a{color:inherit;font-size:inherit;line-height:inherit}.elementor-widget-heading .elementor-heading-title.elementor-size-small{font-size:15px}.elementor-widget-heading .elementor-heading-title.elementor-size-medium{font-size:19px}.elementor-widget-heading .elementor-heading-title.elementor-size-large{font-size:29px}.elementor-widget-heading .elementor-heading-title.elementor-size-xl{font-size:39px}.elementor-widget-heading .elementor-heading-title.elementor-size-xxl{font-size:59px}<\/style><h6 class=\"elementor-heading-title elementor-size-xxl\">Soporte Tecnico Informatico<\/h6>\t\t<\/div>\n\t\t\t\t<\/div>\n\t\t\t\t\t<\/div>\n\t\t\t\t<\/div>\n\t\t<div class=\"elementor-element elementor-element-b728928 e-flex e-con-boxed e-con e-parent\" data-id=\"b728928\" data-element_type=\"container\">\n\t\t\t\t\t<div class=\"e-con-inner\">\n\t\t\t\t<div class=\"elementor-element elementor-element-1d2dd98 elementor-widget-divider--separator-type-pattern elementor-widget-divider--no-spacing elementor-widget-divider--view-line elementor-widget elementor-widget-divider\" data-id=\"1d2dd98\" data-element_type=\"widget\" data-widget_type=\"divider.default\">\n\t\t\t\t<div class=\"elementor-widget-container\">\n\t\t\t\t\t<div class=\"elementor-divider\" style=\"--divider-pattern-url: url(&quot;data:image\/svg+xml,%3Csvg xmlns=&#039;http:\/\/www.w3.org\/2000\/svg&#039; preserveAspectRatio=&#039;none&#039; overflow=&#039;visible&#039; height=&#039;100%&#039; viewBox=&#039;0 0 24 24&#039; fill=&#039;black&#039; stroke=&#039;none&#039;%3E%3Cpath d=&#039;M24,8v12H0V8H24z M24,4v1H0V4H24z&#039;\/%3E%3C\/svg%3E&quot;);\">\n\t\t\t<span class=\"elementor-divider-separator\">\n\t\t\t\t\t\t<\/span>\n\t\t<\/div>\n\t\t\t\t<\/div>\n\t\t\t\t<\/div>\n\t\t\t\t\t<\/div>\n\t\t\t\t<\/div>\n\t\t<div class=\"elementor-element elementor-element-752898b e-flex e-con-boxed e-con e-parent\" data-id=\"752898b\" data-element_type=\"container\">\n\t\t\t\t\t<div class=\"e-con-inner\">\n\t\t\t\t<div class=\"elementor-element elementor-element-fd8cf46 elementor-widget elementor-widget-text-editor\" data-id=\"fd8cf46\" data-element_type=\"widget\" data-widget_type=\"text-editor.default\">\n\t\t\t\t<div class=\"elementor-widget-container\">\n\t\t\t<style>\/*! elementor - v3.23.0 - 05-08-2024 *\/\n.elementor-widget-text-editor.elementor-drop-cap-view-stacked .elementor-drop-cap{background-color:#69727d;color:#fff}.elementor-widget-text-editor.elementor-drop-cap-view-framed .elementor-drop-cap{color:#69727d;border:3px solid;background-color:transparent}.elementor-widget-text-editor:not(.elementor-drop-cap-view-default) .elementor-drop-cap{margin-top:8px}.elementor-widget-text-editor:not(.elementor-drop-cap-view-default) .elementor-drop-cap-letter{width:1em;height:1em}.elementor-widget-text-editor .elementor-drop-cap{float:left;text-align:center;line-height:1;font-size:50px}.elementor-widget-text-editor .elementor-drop-cap-letter{display:inline-block}<\/style>\t\t\t\t<h1 style=\"text-align: center;\"><strong>\u00a1Bienvenidos a MOWA !<\/strong><\/h1><h1 style=\"text-align: center;\"><strong> tu compa\u00f1\u00eda de soporte t\u00e9cnico de confianza!<\/strong><\/h1><p>En MOWA sabemos lo importante que es mantener tus sistemas inform\u00e1ticos en pleno funcionamiento. Por eso, hemos reunido a un equipo de t\u00e9cnicos altamente capacitados y con m\u00e1s de 25 a\u00f1os de experiencia en soporte microinform\u00e1tico para brindarte soluciones confiables y eficientes.<\/p><p>\u00bfQu\u00e9 nos distingue?<\/p><ol><li><p>Expertise y conocimiento: Nuestros t\u00e9cnicos son verdaderos profesionales en su campo, con una amplia experiencia en soporte microinform\u00e1tico. Sea cual sea el problema que enfrentes, ya sea hardware o software, estamos preparados para resolverlo r\u00e1pidamente y de manera efectiva.<\/p><\/li><li><p>Soluciones a medida: Entendemos que cada cliente tiene necesidades \u00fanicas. Por eso, en MOWA nos enfocamos en ofrecer soluciones personalizadas que se adapten a tus requerimientos espec\u00edficos. Ya sea que necesites reparaci\u00f3n de equipos, asistencia remota o asesoramiento en la configuraci\u00f3n de redes, estamos aqu\u00ed para ayudarte.<\/p><\/li><li><p>Dise\u00f1o y desarrollo web: Adem\u00e1s de nuestro soporte t\u00e9cnico, tambi\u00e9n ofrecemos servicios de dise\u00f1o y desarrollo web. Si necesitas una presencia en l\u00ednea para tu empresa, nuestros expertos en dise\u00f1o web crear\u00e1n una p\u00e1gina web atractiva y funcional que se adapte a tus necesidades y refleje la identidad de tu negocio.<\/p><\/li><li><p>Atenci\u00f3n al cliente excepcional: En MOWA, la satisfacci\u00f3n del cliente es nuestra m\u00e1xima prioridad. Nos enorgullece brindar un servicio al cliente excepcional, respondiendo r\u00e1pidamente a tus consultas y asegur\u00e1ndonos de que todas tus necesidades sean atendidas de manera profesional y oportuna.<\/p><\/li><li><p>Precios competitivos: Creemos que el soporte t\u00e9cnico de calidad no tiene que ser costoso. En MOWA, ofrecemos precios competitivos y transparentes para nuestros servicios. Obtendr\u00e1s un gran valor por tu inversi\u00f3n y la tranquilidad de saber que tus sistemas inform\u00e1ticos est\u00e1n en buenas manos.<\/p><\/li><\/ol><p>No importa si eres un negocio peque\u00f1o o una empresa en crecimiento, en MOWA tenemos la experiencia y los conocimientos necesarios para brindarte el soporte t\u00e9cnico que necesitas. Cont\u00e1ctanos hoy mismo para obtener m\u00e1s informaci\u00f3n o programar una visita de nuestros t\u00e9cnicos expertos.<\/p><p>Conf\u00eda en MOWA para resolver tus problemas inform\u00e1ticos y llevar tu presencia en l\u00ednea al siguiente nivel. Estamos aqu\u00ed para ayudarte en cada paso del camino.<\/p>\t\t\t\t\t\t<\/div>\n\t\t\t\t<\/div>\n\t\t\t\t\t<\/div>\n\t\t\t\t<\/div>\n\t\t<div class=\"elementor-element elementor-element-b921f73 e-flex e-con-boxed e-con e-parent\" data-id=\"b921f73\" data-element_type=\"container\">\n\t\t\t\t\t<div class=\"e-con-inner\">\n\t\t\t\t<div class=\"elementor-element elementor-element-7d731d8 elementor-widget elementor-widget-wpforms\" data-id=\"7d731d8\" data-element_type=\"widget\" data-widget_type=\"wpforms.default\">\n\t\t\t\t<div class=\"elementor-widget-container\">\n\t\t\t<div class=\"wpforms-container wpforms-container-full\" id=\"wpforms-177\"><form id=\"wpforms-form-177\" class=\"wpforms-validate wpforms-form wpforms-ajax-form\" data-formid=\"177\" method=\"post\" enctype=\"multipart\/form-data\" action=\"\/index.php\/wp-json\/wp\/v2\/pages\/163\" data-token=\"bb6e63704e02ed006b77b0c25a9d09f0\" data-token-time=\"1778359591\"><noscript class=\"wpforms-error-noscript\">Por favor, activa JavaScript en tu navegador para completar este formulario.<\/noscript><div class=\"wpforms-field-container\"><div id=\"wpforms-177-field_0-container\" class=\"wpforms-field wpforms-field-name\" data-field-id=\"0\"><label class=\"wpforms-field-label\" for=\"wpforms-177-field_0\">Nombre <span class=\"wpforms-required-label\">*<\/span><\/label><div class=\"wpforms-field-row wpforms-field-medium\"><div class=\"wpforms-field-row-block wpforms-first wpforms-one-half\"><input type=\"text\" id=\"wpforms-177-field_0\" class=\"wpforms-field-name-first wpforms-field-required\" name=\"wpforms[fields][0][first]\" required><label for=\"wpforms-177-field_0\" class=\"wpforms-field-sublabel after\">Nombre<\/label><\/div><div class=\"wpforms-field-row-block wpforms-one-half\"><input type=\"text\" id=\"wpforms-177-field_0-last\" class=\"wpforms-field-name-last wpforms-field-required\" name=\"wpforms[fields][0][last]\" required><label for=\"wpforms-177-field_0-last\" class=\"wpforms-field-sublabel after\">Apellidos<\/label><\/div><\/div><\/div><div id=\"wpforms-177-field_1-container\" class=\"wpforms-field wpforms-field-email\" data-field-id=\"1\"><label class=\"wpforms-field-label\" for=\"wpforms-177-field_1\">Correo electr\u00f3nico <span class=\"wpforms-required-label\">*<\/span><\/label><input type=\"email\" id=\"wpforms-177-field_1\" class=\"wpforms-field-medium wpforms-field-required\" name=\"wpforms[fields][1]\" spellcheck=\"false\" required><\/div><div id=\"wpforms-177-field_2-container\" class=\"wpforms-field wpforms-field-textarea\" data-field-id=\"2\"><label class=\"wpforms-field-label\" for=\"wpforms-177-field_2\">Comentario o mensaje<\/label><textarea id=\"wpforms-177-field_2\" class=\"wpforms-field-medium\" name=\"wpforms[fields][2]\" ><\/textarea><\/div><\/div><!-- .wpforms-field-container --><div class=\"wpforms-submit-container\" ><input type=\"hidden\" name=\"wpforms[id]\" value=\"177\"><input type=\"hidden\" name=\"page_title\" value=\"\"><input type=\"hidden\" name=\"page_url\" value=\"https:\/\/mowa.cl\/index.php\/wp-json\/wp\/v2\/pages\/163\"><button type=\"submit\" name=\"wpforms[submit]\" id=\"wpforms-submit-177\" class=\"wpforms-submit\" data-alt-text=\"Enviando...\" data-submit-text=\"Enviar\" aria-live=\"assertive\" value=\"wpforms-submit\">Enviar<\/button><img decoding=\"async\" src=\"https:\/\/mowa.cl\/wp-content\/plugins\/wpforms-lite\/assets\/images\/submit-spin.svg\" class=\"wpforms-submit-spinner\" style=\"display: none;\" width=\"26\" height=\"26\" alt=\"Cargando\"><\/div><\/form><\/div>  <!-- .wpforms-container -->\t\t<\/div>\n\t\t\t\t<\/div>\n\t\t\t\t\t<\/div>\n\t\t\t\t<\/div>\n\t\t\t\t<\/div>\n\t\t","protected":false},"excerpt":{"rendered":"<p>Soporte Tecnico Informatico \u00a1Bienvenidos a MOWA ! tu compa\u00f1\u00eda de soporte t\u00e9cnico de confianza! En MOWA sabemos lo importante que es mantener tus sistemas inform\u00e1ticos en pleno funcionamiento. Por eso, hemos reunido a un equipo de t\u00e9cnicos altamente capacitados y con m\u00e1s de 25 a\u00f1os de experiencia en soporte microinform\u00e1tico [&hellip;]<\/p>\n","protected":false},"author":1,"featured_media":168,"parent":0,"menu_order":0,"comment_status":"closed","ping_status":"closed","template":"page-templates\/template-pagebuilder-full-width.php","meta":{"footnotes":""},"class_list":["post-163","page","type-page","status-publish","has-post-thumbnail","hentry"],"yoast_head":"<!-- This site is optimized with the Yoast SEO plugin v23.1 - https:\/\/yoast.com\/wordpress\/plugins\/seo\/ -->\n<title>Soporte - MOWA TECNOLOGIA<\/title>\n<meta name=\"robots\" content=\"index, follow, max-snippet:-1, max-image-preview:large, max-video-preview:-1\" \/>\n<link rel=\"canonical\" href=\"https:\/\/mowa.cl\/index.php\/soporte-tecnico\/\" \/>\n<meta property=\"og:locale\" content=\"es_ES\" \/>\n<meta property=\"og:type\" content=\"article\" \/>\n<meta property=\"og:title\" content=\"Soporte - MOWA TECNOLOGIA\" \/>\n<meta property=\"og:description\" content=\"Soporte Tecnico Informatico \u00a1Bienvenidos a MOWA ! tu compa\u00f1\u00eda de soporte t\u00e9cnico de confianza! En MOWA sabemos lo importante que es mantener tus sistemas inform\u00e1ticos en pleno funcionamiento. Por eso, hemos reunido a un equipo de t\u00e9cnicos altamente capacitados y con m\u00e1s de 25 a\u00f1os de experiencia en soporte microinform\u00e1tico [&hellip;]\" \/>\n<meta property=\"og:url\" content=\"https:\/\/mowa.cl\/index.php\/soporte-tecnico\/\" \/>\n<meta property=\"og:site_name\" content=\"MOWA TECNOLOGIA\" \/>\n<meta property=\"article:publisher\" content=\"https:\/\/www.facebook.com\/telecomputacionchile\" \/>\n<meta property=\"article:modified_time\" content=\"2023-06-01T22:14:24+00:00\" \/>\n<meta property=\"og:image\" content=\"https:\/\/mowa.cl\/wp-content\/uploads\/2023\/06\/pngwing.com-4.png\" \/>\n\t<meta property=\"og:image:width\" content=\"800\" \/>\n\t<meta property=\"og:image:height\" content=\"600\" \/>\n\t<meta property=\"og:image:type\" content=\"image\/png\" \/>\n<meta name=\"twitter:card\" content=\"summary_large_image\" \/>\n<meta name=\"twitter:label1\" content=\"Tiempo de lectura\" \/>\n\t<meta name=\"twitter:data1\" content=\"3 minutos\" \/>\n<script type=\"application\/ld+json\" class=\"yoast-schema-graph\">{\"@context\":\"https:\/\/schema.org\",\"@graph\":[{\"@type\":\"WebPage\",\"@id\":\"https:\/\/mowa.cl\/index.php\/soporte-tecnico\/\",\"url\":\"https:\/\/mowa.cl\/index.php\/soporte-tecnico\/\",\"name\":\"Soporte - MOWA TECNOLOGIA\",\"isPartOf\":{\"@id\":\"https:\/\/mowa.cl\/#website\"},\"primaryImageOfPage\":{\"@id\":\"https:\/\/mowa.cl\/index.php\/soporte-tecnico\/#primaryimage\"},\"image\":{\"@id\":\"https:\/\/mowa.cl\/index.php\/soporte-tecnico\/#primaryimage\"},\"thumbnailUrl\":\"https:\/\/mowa.cl\/wp-content\/uploads\/2023\/06\/pngwing.com-4.png\",\"datePublished\":\"2023-06-01T20:44:49+00:00\",\"dateModified\":\"2023-06-01T22:14:24+00:00\",\"breadcrumb\":{\"@id\":\"https:\/\/mowa.cl\/index.php\/soporte-tecnico\/#breadcrumb\"},\"inLanguage\":\"es\",\"potentialAction\":[{\"@type\":\"ReadAction\",\"target\":[\"https:\/\/mowa.cl\/index.php\/soporte-tecnico\/\"]}]},{\"@type\":\"ImageObject\",\"inLanguage\":\"es\",\"@id\":\"https:\/\/mowa.cl\/index.php\/soporte-tecnico\/#primaryimage\",\"url\":\"https:\/\/mowa.cl\/wp-content\/uploads\/2023\/06\/pngwing.com-4.png\",\"contentUrl\":\"https:\/\/mowa.cl\/wp-content\/uploads\/2023\/06\/pngwing.com-4.png\",\"width\":800,\"height\":600},{\"@type\":\"BreadcrumbList\",\"@id\":\"https:\/\/mowa.cl\/index.php\/soporte-tecnico\/#breadcrumb\",\"itemListElement\":[{\"@type\":\"ListItem\",\"position\":1,\"name\":\"Portada\",\"item\":\"https:\/\/mowa.cl\/\"},{\"@type\":\"ListItem\",\"position\":2,\"name\":\"Soporte\"}]},{\"@type\":\"WebSite\",\"@id\":\"https:\/\/mowa.cl\/#website\",\"url\":\"https:\/\/mowa.cl\/\",\"name\":\"MOWA TECNOLOGIA\",\"description\":\"instalacion de camaras redes informaticas y soporte tecnico profecional\",\"publisher\":{\"@id\":\"https:\/\/mowa.cl\/#organization\"},\"potentialAction\":[{\"@type\":\"SearchAction\",\"target\":{\"@type\":\"EntryPoint\",\"urlTemplate\":\"https:\/\/mowa.cl\/?s={search_term_string}\"},\"query-input\":\"required name=search_term_string\"}],\"inLanguage\":\"es\"},{\"@type\":\"Organization\",\"@id\":\"https:\/\/mowa.cl\/#organization\",\"name\":\"MOWA TECNOLOGIA\",\"url\":\"https:\/\/mowa.cl\/\",\"logo\":{\"@type\":\"ImageObject\",\"inLanguage\":\"es\",\"@id\":\"https:\/\/mowa.cl\/#\/schema\/logo\/image\/\",\"url\":\"https:\/\/mowa.cl\/wp-content\/uploads\/2023\/05\/cropped-mowa.png\",\"contentUrl\":\"https:\/\/mowa.cl\/wp-content\/uploads\/2023\/05\/cropped-mowa.png\",\"width\":512,\"height\":512,\"caption\":\"MOWA TECNOLOGIA\"},\"image\":{\"@id\":\"https:\/\/mowa.cl\/#\/schema\/logo\/image\/\"},\"sameAs\":[\"https:\/\/www.facebook.com\/telecomputacionchile\"]}]}<\/script>\n<!-- \/ Yoast SEO plugin. -->","yoast_head_json":{"title":"Soporte - MOWA TECNOLOGIA","robots":{"index":"index","follow":"follow","max-snippet":"max-snippet:-1","max-image-preview":"max-image-preview:large","max-video-preview":"max-video-preview:-1"},"canonical":"https:\/\/mowa.cl\/index.php\/soporte-tecnico\/","og_locale":"es_ES","og_type":"article","og_title":"Soporte - MOWA TECNOLOGIA","og_description":"Soporte Tecnico Informatico \u00a1Bienvenidos a MOWA ! tu compa\u00f1\u00eda de soporte t\u00e9cnico de confianza! En MOWA sabemos lo importante que es mantener tus sistemas inform\u00e1ticos en pleno funcionamiento. Por eso, hemos reunido a un equipo de t\u00e9cnicos altamente capacitados y con m\u00e1s de 25 a\u00f1os de experiencia en soporte microinform\u00e1tico [&hellip;]","og_url":"https:\/\/mowa.cl\/index.php\/soporte-tecnico\/","og_site_name":"MOWA TECNOLOGIA","article_publisher":"https:\/\/www.facebook.com\/telecomputacionchile","article_modified_time":"2023-06-01T22:14:24+00:00","og_image":[{"width":800,"height":600,"url":"https:\/\/mowa.cl\/wp-content\/uploads\/2023\/06\/pngwing.com-4.png","type":"image\/png"}],"twitter_card":"summary_large_image","twitter_misc":{"Tiempo de lectura":"3 minutos"},"schema":{"@context":"https:\/\/schema.org","@graph":[{"@type":"WebPage","@id":"https:\/\/mowa.cl\/index.php\/soporte-tecnico\/","url":"https:\/\/mowa.cl\/index.php\/soporte-tecnico\/","name":"Soporte - MOWA TECNOLOGIA","isPartOf":{"@id":"https:\/\/mowa.cl\/#website"},"primaryImageOfPage":{"@id":"https:\/\/mowa.cl\/index.php\/soporte-tecnico\/#primaryimage"},"image":{"@id":"https:\/\/mowa.cl\/index.php\/soporte-tecnico\/#primaryimage"},"thumbnailUrl":"https:\/\/mowa.cl\/wp-content\/uploads\/2023\/06\/pngwing.com-4.png","datePublished":"2023-06-01T20:44:49+00:00","dateModified":"2023-06-01T22:14:24+00:00","breadcrumb":{"@id":"https:\/\/mowa.cl\/index.php\/soporte-tecnico\/#breadcrumb"},"inLanguage":"es","potentialAction":[{"@type":"ReadAction","target":["https:\/\/mowa.cl\/index.php\/soporte-tecnico\/"]}]},{"@type":"ImageObject","inLanguage":"es","@id":"https:\/\/mowa.cl\/index.php\/soporte-tecnico\/#primaryimage","url":"https:\/\/mowa.cl\/wp-content\/uploads\/2023\/06\/pngwing.com-4.png","contentUrl":"https:\/\/mowa.cl\/wp-content\/uploads\/2023\/06\/pngwing.com-4.png","width":800,"height":600},{"@type":"BreadcrumbList","@id":"https:\/\/mowa.cl\/index.php\/soporte-tecnico\/#breadcrumb","itemListElement":[{"@type":"ListItem","position":1,"name":"Portada","item":"https:\/\/mowa.cl\/"},{"@type":"ListItem","position":2,"name":"Soporte"}]},{"@type":"WebSite","@id":"https:\/\/mowa.cl\/#website","url":"https:\/\/mowa.cl\/","name":"MOWA TECNOLOGIA","description":"instalacion de camaras redes informaticas y soporte tecnico profecional","publisher":{"@id":"https:\/\/mowa.cl\/#organization"},"potentialAction":[{"@type":"SearchAction","target":{"@type":"EntryPoint","urlTemplate":"https:\/\/mowa.cl\/?s={search_term_string}"},"query-input":"required name=search_term_string"}],"inLanguage":"es"},{"@type":"Organization","@id":"https:\/\/mowa.cl\/#organization","name":"MOWA TECNOLOGIA","url":"https:\/\/mowa.cl\/","logo":{"@type":"ImageObject","inLanguage":"es","@id":"https:\/\/mowa.cl\/#\/schema\/logo\/image\/","url":"https:\/\/mowa.cl\/wp-content\/uploads\/2023\/05\/cropped-mowa.png","contentUrl":"https:\/\/mowa.cl\/wp-content\/uploads\/2023\/05\/cropped-mowa.png","width":512,"height":512,"caption":"MOWA TECNOLOGIA"},"image":{"@id":"https:\/\/mowa.cl\/#\/schema\/logo\/image\/"},"sameAs":["https:\/\/www.facebook.com\/telecomputacionchile"]}]}},"_links":{"self":[{"href":"https:\/\/mowa.cl\/index.php\/wp-json\/wp\/v2\/pages\/163","targetHints":{"allow":["GET"]}}],"collection":[{"href":"https:\/\/mowa.cl\/index.php\/wp-json\/wp\/v2\/pages"}],"about":[{"href":"https:\/\/mowa.cl\/index.php\/wp-json\/wp\/v2\/types\/page"}],"author":[{"embeddable":true,"href":"https:\/\/mowa.cl\/index.php\/wp-json\/wp\/v2\/users\/1"}],"replies":[{"embeddable":true,"href":"https:\/\/mowa.cl\/index.php\/wp-json\/wp\/v2\/comments?post=163"}],"version-history":[{"count":11,"href":"https:\/\/mowa.cl\/index.php\/wp-json\/wp\/v2\/pages\/163\/revisions"}],"predecessor-version":[{"id":191,"href":"https:\/\/mowa.cl\/index.php\/wp-json\/wp\/v2\/pages\/163\/revisions\/191"}],"wp:featuredmedia":[{"embeddable":true,"href":"https:\/\/mowa.cl\/index.php\/wp-json\/wp\/v2\/media\/168"}],"wp:attachment":[{"href":"https:\/\/mowa.cl\/index.php\/wp-json\/wp\/v2\/media?parent=163"}],"curies":[{"name":"wp","href":"https:\/\/api.w.org\/{rel}","templated":true}]}}