{"id":146,"date":"2023-05-31T20:32:06","date_gmt":"2023-05-31T20:32:06","guid":{"rendered":"https:\/\/mowa.cl\/?page_id=146"},"modified":"2024-08-06T03:38:11","modified_gmt":"2024-08-06T03:38:11","slug":"refrigeracion","status":"publish","type":"page","link":"https:\/\/mowa.cl\/index.php\/refrigeracion\/","title":{"rendered":"Refrigeracion"},"content":{"rendered":"<p><img decoding=\"async\" src=\"https:\/\/mowa.cl\/wp-content\/uploads\/elementor\/thumbs\/pngwing.com_-q7aflnzyiy8oyie2vuzjwc3zwvf1oowzea6luv70no.png\" title=\"pngwing.com\" alt=\"pngwing.com\" loading=\"lazy\" \/>\t\t\t\t\t\t\t\t\t\t\t\t\t\t\t<\/p>\n<h2>Aire acondicionados, Refrigeraci\u00f3n Industrial, C\u00e1maras de Frio e Instalaciones en Espacios Comerciales<\/h2>\n<h4 style=\"text-align: center;\"><strong>En un pa\u00eds como el nuestro, donde las temperaturas del verano son elevadas en casi todo el territorio, disponer de aire acondicionado se ha convertido en una necesidad. En la mayor parte de los lugares p\u00fablicos puedes encontrar sistemas de refrigeraci\u00f3n: estaciones, museos, centros comerciales.<\/strong><\/h4>\n<h3 style=\"text-align: center;\"><strong>Pero tambi\u00e9n en las viviendas familiares es cada vez m\u00e1s frecuente encontrar aire acondicionado. Por eso podemos preguntarnos, \u00bfQu\u00e9 es un sistema de aire acondicionado?\u00a0\u00bfSon todos iguales?\u00a0\u00bfC\u00f3mo reconocer el que mejor se adapta a mis necesidades?<\/strong><\/h3>\n<h3 id=\"lcc-a38447362554ecb5f43f787d62aaca3f\" style=\"text-align: center;\"><\/h3>\n<p><strong><a data-no-instant=\"1\" href=\"https:\/\/lowcostclima.es\/aire-acondicionado-cassette\/mgplz-pro\/\" rel=\"noopener nofollow\" target=\"_blank\"><\/a><\/strong><\/p>\n<h3 style=\"text-align: center;\"><strong>\u00bfQu\u00e9 es el aire acondicionado?<\/strong><\/h3>\n<h3 style=\"text-align: center;\"><strong>Aire acondicionado\u00a0es un sistema utilizado para refrescar el espacio interior cuando las temperaturas ambientales son muy altas. Es un sistema de refrigeraci\u00f3n que proporciona aire fresco al interior de la vivienda o local, renov\u00e1ndolo continuamente. De esta forma, contribuye al confort y el bienestar cuando los term\u00f3metros exteriores suben en verano.<\/strong><\/h3>\n<h3 style=\"text-align: center;\"><strong>El aire acondicionado funciona estableciendo la circulaci\u00f3n del aire caliente de la estancia y sustituy\u00e9ndola por aire fr\u00edo procedente del sistema. De esta forma, consigue enfriar las habitaciones hasta la temperatura que el usuario haya establecido en el termostato.<\/strong><\/h3>\n<h4 style=\"text-align: center;\"><strong>\u00bfQu\u00e9 tipo de aire acondicionado es mejor para mi casa?<\/strong><\/h4>\n<h3 style=\"text-align: center;\"><strong>En primer lugar, debes conocer la superficie total que quieres climatizar. Los instaladores utilizan como referencia 100 frigor\u00edas por cada metro cuadrado que quieras refrigerar. Este es un c\u00e1lculo estimativo, aunque hay otros factores a tener en cuenta.<\/strong><\/h3>\n<h3 style=\"text-align: center;\"><strong>El aire acondicionado es nuestro gran aliado durante los calurosos meses de verano, siempre ajustando correctamente la temperatura interior de nuestra vivienda.<\/strong><\/h3>\n<h1><a href=\"https:\/\/api.whatsapp.com\/send?phone=56956150582\"><img decoding=\"async\" src=\"https:\/\/mowa.cl\/wp-content\/uploads\/2023\/05\/WhatsApp-Imag-300x277.png\" alt=\"\" width=\"36\" height=\"33\" \/><\/a><\/h1>\n<h1><a href=\"https:\/\/api.whatsapp.com\/send?phone=56956150582\"><strong>Rene Sepulveda Mendez (t\u00e9cnico en refrigeraci\u00f3n y aire acondicionado)<\/strong><\/a><\/h1>\n<p><strong>Experto en instalaci\u00f3n y reparaci\u00f3n de\u00a0<u>equipos de aire <\/u><u>acondicionado<\/u><\/strong><\/p>\n<p><strong>Frigorista con 20 a\u00f1os de experiencia. Carnet manipulador gases fluorados todas las cargas. Carnet instalador,<\/strong><\/p>\n<p><strong>mantenedor RITE Clima\/Ventilaci\u00f3n. Carnet instalador ACS.\u00a0<\/strong><\/p>\n<p style=\"text-align: left; padding-left: 40px;\">\n<p><img fetchpriority=\"high\" decoding=\"async\" src=\"https:\/\/mowa.cl\/wp-content\/uploads\/2023\/05\/pngwing.com-2-300x300.png\" alt=\"\" width=\"300\" height=\"300\" \/> <img decoding=\"async\" src=\"https:\/\/mowa.cl\/wp-content\/uploads\/2023\/05\/pngwing.com-1-289x300.png\" alt=\"\" width=\"289\" height=\"300\" \/><\/p>\n<div class=\"wpforms-container wpforms-container-full\" id=\"wpforms-177\"><form id=\"wpforms-form-177\" class=\"wpforms-validate wpforms-form wpforms-ajax-form\" data-formid=\"177\" method=\"post\" enctype=\"multipart\/form-data\" action=\"\/index.php\/wp-json\/wp\/v2\/pages\/146\" data-token=\"bb6e63704e02ed006b77b0c25a9d09f0\" data-token-time=\"1778359827\"><noscript class=\"wpforms-error-noscript\">Por favor, activa JavaScript en tu navegador para completar este formulario.<\/noscript><div class=\"wpforms-field-container\"><div id=\"wpforms-177-field_0-container\" class=\"wpforms-field wpforms-field-name\" data-field-id=\"0\"><label class=\"wpforms-field-label\" for=\"wpforms-177-field_0\">Nombre <span class=\"wpforms-required-label\">*<\/span><\/label><div class=\"wpforms-field-row wpforms-field-medium\"><div class=\"wpforms-field-row-block wpforms-first wpforms-one-half\"><input type=\"text\" id=\"wpforms-177-field_0\" class=\"wpforms-field-name-first wpforms-field-required\" name=\"wpforms[fields][0][first]\" required><label for=\"wpforms-177-field_0\" class=\"wpforms-field-sublabel after\">Nombre<\/label><\/div><div class=\"wpforms-field-row-block wpforms-one-half\"><input type=\"text\" id=\"wpforms-177-field_0-last\" class=\"wpforms-field-name-last wpforms-field-required\" name=\"wpforms[fields][0][last]\" required><label for=\"wpforms-177-field_0-last\" class=\"wpforms-field-sublabel after\">Apellidos<\/label><\/div><\/div><\/div><div id=\"wpforms-177-field_1-container\" class=\"wpforms-field wpforms-field-email\" data-field-id=\"1\"><label class=\"wpforms-field-label\" for=\"wpforms-177-field_1\">Correo electr\u00f3nico <span class=\"wpforms-required-label\">*<\/span><\/label><input type=\"email\" id=\"wpforms-177-field_1\" class=\"wpforms-field-medium wpforms-field-required\" name=\"wpforms[fields][1]\" spellcheck=\"false\" required><\/div><div id=\"wpforms-177-field_2-container\" class=\"wpforms-field wpforms-field-textarea\" data-field-id=\"2\"><label class=\"wpforms-field-label\" for=\"wpforms-177-field_2\">Comentario o mensaje<\/label><textarea id=\"wpforms-177-field_2\" class=\"wpforms-field-medium\" name=\"wpforms[fields][2]\" ><\/textarea><\/div><\/div><!-- .wpforms-field-container --><div class=\"wpforms-submit-container\" ><input type=\"hidden\" name=\"wpforms[id]\" value=\"177\"><input type=\"hidden\" name=\"page_title\" value=\"\"><input type=\"hidden\" name=\"page_url\" value=\"https:\/\/mowa.cl\/index.php\/wp-json\/wp\/v2\/pages\/146\"><button type=\"submit\" name=\"wpforms[submit]\" id=\"wpforms-submit-177\" class=\"wpforms-submit\" data-alt-text=\"Enviando...\" data-submit-text=\"Enviar\" aria-live=\"assertive\" value=\"wpforms-submit\">Enviar<\/button><img loading=\"lazy\" decoding=\"async\" src=\"https:\/\/mowa.cl\/wp-content\/plugins\/wpforms-lite\/assets\/images\/submit-spin.svg\" class=\"wpforms-submit-spinner\" style=\"display: none;\" width=\"26\" height=\"26\" alt=\"Cargando\"><\/div><\/form><\/div>  <!-- .wpforms-container -->\n","protected":false},"excerpt":{"rendered":"<p>Aire acondicionados, Refrigeraci\u00f3n Industrial, C\u00e1maras de Frio e Instalaciones en Espacios Comerciales En un pa\u00eds como el nuestro, donde las temperaturas del verano son elevadas en casi todo el territorio, disponer de aire acondicionado se ha convertido en una necesidad. En la mayor parte de los lugares p\u00fablicos puedes encontrar [&hellip;]<\/p>\n","protected":false},"author":1,"featured_media":0,"parent":0,"menu_order":0,"comment_status":"closed","ping_status":"closed","template":"page-templates\/template-pagebuilder-full-width.php","meta":{"footnotes":""},"class_list":["post-146","page","type-page","status-publish","hentry"],"yoast_head":"<!-- This site is optimized with the Yoast SEO plugin v23.1 - https:\/\/yoast.com\/wordpress\/plugins\/seo\/ -->\n<title>Refrigeracion - MOWA TECNOLOGIA<\/title>\n<meta name=\"robots\" content=\"index, follow, max-snippet:-1, max-image-preview:large, max-video-preview:-1\" \/>\n<link rel=\"canonical\" href=\"https:\/\/mowa.cl\/index.php\/refrigeracion\/\" \/>\n<meta property=\"og:locale\" content=\"es_ES\" \/>\n<meta property=\"og:type\" content=\"article\" \/>\n<meta property=\"og:title\" content=\"Refrigeracion - MOWA TECNOLOGIA\" \/>\n<meta property=\"og:description\" content=\"Aire acondicionados, Refrigeraci\u00f3n Industrial, C\u00e1maras de Frio e Instalaciones en Espacios Comerciales En un pa\u00eds como el nuestro, donde las temperaturas del verano son elevadas en casi todo el territorio, disponer de aire acondicionado se ha convertido en una necesidad. En la mayor parte de los lugares p\u00fablicos puedes encontrar [&hellip;]\" \/>\n<meta property=\"og:url\" content=\"https:\/\/mowa.cl\/index.php\/refrigeracion\/\" \/>\n<meta property=\"og:site_name\" content=\"MOWA TECNOLOGIA\" \/>\n<meta property=\"article:publisher\" content=\"https:\/\/www.facebook.com\/telecomputacionchile\" \/>\n<meta property=\"article:modified_time\" content=\"2024-08-06T03:38:11+00:00\" \/>\n<meta property=\"og:image\" content=\"https:\/\/mowa.cl\/wp-content\/uploads\/elementor\/thumbs\/pngwing.com_-q7aflnzyiy8oyie2vuzjwc3zwvf1oowzea6luv70no.png\" \/>\n<meta name=\"twitter:card\" content=\"summary_large_image\" \/>\n<meta name=\"twitter:label1\" content=\"Tiempo de lectura\" \/>\n\t<meta name=\"twitter:data1\" content=\"3 minutos\" \/>\n<script type=\"application\/ld+json\" class=\"yoast-schema-graph\">{\"@context\":\"https:\/\/schema.org\",\"@graph\":[{\"@type\":\"WebPage\",\"@id\":\"https:\/\/mowa.cl\/index.php\/refrigeracion\/\",\"url\":\"https:\/\/mowa.cl\/index.php\/refrigeracion\/\",\"name\":\"Refrigeracion - MOWA TECNOLOGIA\",\"isPartOf\":{\"@id\":\"https:\/\/mowa.cl\/#website\"},\"primaryImageOfPage\":{\"@id\":\"https:\/\/mowa.cl\/index.php\/refrigeracion\/#primaryimage\"},\"image\":{\"@id\":\"https:\/\/mowa.cl\/index.php\/refrigeracion\/#primaryimage\"},\"thumbnailUrl\":\"https:\/\/mowa.cl\/wp-content\/uploads\/elementor\/thumbs\/pngwing.com_-q7aflnzyiy8oyie2vuzjwc3zwvf1oowzea6luv70no.png\",\"datePublished\":\"2023-05-31T20:32:06+00:00\",\"dateModified\":\"2024-08-06T03:38:11+00:00\",\"breadcrumb\":{\"@id\":\"https:\/\/mowa.cl\/index.php\/refrigeracion\/#breadcrumb\"},\"inLanguage\":\"es\",\"potentialAction\":[{\"@type\":\"ReadAction\",\"target\":[\"https:\/\/mowa.cl\/index.php\/refrigeracion\/\"]}]},{\"@type\":\"ImageObject\",\"inLanguage\":\"es\",\"@id\":\"https:\/\/mowa.cl\/index.php\/refrigeracion\/#primaryimage\",\"url\":\"https:\/\/mowa.cl\/wp-content\/uploads\/elementor\/thumbs\/pngwing.com_-q7aflnzyiy8oyie2vuzjwc3zwvf1oowzea6luv70no.png\",\"contentUrl\":\"https:\/\/mowa.cl\/wp-content\/uploads\/elementor\/thumbs\/pngwing.com_-q7aflnzyiy8oyie2vuzjwc3zwvf1oowzea6luv70no.png\"},{\"@type\":\"BreadcrumbList\",\"@id\":\"https:\/\/mowa.cl\/index.php\/refrigeracion\/#breadcrumb\",\"itemListElement\":[{\"@type\":\"ListItem\",\"position\":1,\"name\":\"Portada\",\"item\":\"https:\/\/mowa.cl\/\"},{\"@type\":\"ListItem\",\"position\":2,\"name\":\"Refrigeracion\"}]},{\"@type\":\"WebSite\",\"@id\":\"https:\/\/mowa.cl\/#website\",\"url\":\"https:\/\/mowa.cl\/\",\"name\":\"MOWA TECNOLOGIA\",\"description\":\"instalacion de camaras redes informaticas y soporte tecnico profecional\",\"publisher\":{\"@id\":\"https:\/\/mowa.cl\/#organization\"},\"potentialAction\":[{\"@type\":\"SearchAction\",\"target\":{\"@type\":\"EntryPoint\",\"urlTemplate\":\"https:\/\/mowa.cl\/?s={search_term_string}\"},\"query-input\":\"required name=search_term_string\"}],\"inLanguage\":\"es\"},{\"@type\":\"Organization\",\"@id\":\"https:\/\/mowa.cl\/#organization\",\"name\":\"MOWA TECNOLOGIA\",\"url\":\"https:\/\/mowa.cl\/\",\"logo\":{\"@type\":\"ImageObject\",\"inLanguage\":\"es\",\"@id\":\"https:\/\/mowa.cl\/#\/schema\/logo\/image\/\",\"url\":\"https:\/\/mowa.cl\/wp-content\/uploads\/2023\/05\/cropped-mowa.png\",\"contentUrl\":\"https:\/\/mowa.cl\/wp-content\/uploads\/2023\/05\/cropped-mowa.png\",\"width\":512,\"height\":512,\"caption\":\"MOWA TECNOLOGIA\"},\"image\":{\"@id\":\"https:\/\/mowa.cl\/#\/schema\/logo\/image\/\"},\"sameAs\":[\"https:\/\/www.facebook.com\/telecomputacionchile\"]}]}<\/script>\n<!-- \/ Yoast SEO plugin. -->","yoast_head_json":{"title":"Refrigeracion - MOWA TECNOLOGIA","robots":{"index":"index","follow":"follow","max-snippet":"max-snippet:-1","max-image-preview":"max-image-preview:large","max-video-preview":"max-video-preview:-1"},"canonical":"https:\/\/mowa.cl\/index.php\/refrigeracion\/","og_locale":"es_ES","og_type":"article","og_title":"Refrigeracion - MOWA TECNOLOGIA","og_description":"Aire acondicionados, Refrigeraci\u00f3n Industrial, C\u00e1maras de Frio e Instalaciones en Espacios Comerciales En un pa\u00eds como el nuestro, donde las temperaturas del verano son elevadas en casi todo el territorio, disponer de aire acondicionado se ha convertido en una necesidad. En la mayor parte de los lugares p\u00fablicos puedes encontrar [&hellip;]","og_url":"https:\/\/mowa.cl\/index.php\/refrigeracion\/","og_site_name":"MOWA TECNOLOGIA","article_publisher":"https:\/\/www.facebook.com\/telecomputacionchile","article_modified_time":"2024-08-06T03:38:11+00:00","og_image":[{"url":"https:\/\/mowa.cl\/wp-content\/uploads\/elementor\/thumbs\/pngwing.com_-q7aflnzyiy8oyie2vuzjwc3zwvf1oowzea6luv70no.png"}],"twitter_card":"summary_large_image","twitter_misc":{"Tiempo de lectura":"3 minutos"},"schema":{"@context":"https:\/\/schema.org","@graph":[{"@type":"WebPage","@id":"https:\/\/mowa.cl\/index.php\/refrigeracion\/","url":"https:\/\/mowa.cl\/index.php\/refrigeracion\/","name":"Refrigeracion - MOWA TECNOLOGIA","isPartOf":{"@id":"https:\/\/mowa.cl\/#website"},"primaryImageOfPage":{"@id":"https:\/\/mowa.cl\/index.php\/refrigeracion\/#primaryimage"},"image":{"@id":"https:\/\/mowa.cl\/index.php\/refrigeracion\/#primaryimage"},"thumbnailUrl":"https:\/\/mowa.cl\/wp-content\/uploads\/elementor\/thumbs\/pngwing.com_-q7aflnzyiy8oyie2vuzjwc3zwvf1oowzea6luv70no.png","datePublished":"2023-05-31T20:32:06+00:00","dateModified":"2024-08-06T03:38:11+00:00","breadcrumb":{"@id":"https:\/\/mowa.cl\/index.php\/refrigeracion\/#breadcrumb"},"inLanguage":"es","potentialAction":[{"@type":"ReadAction","target":["https:\/\/mowa.cl\/index.php\/refrigeracion\/"]}]},{"@type":"ImageObject","inLanguage":"es","@id":"https:\/\/mowa.cl\/index.php\/refrigeracion\/#primaryimage","url":"https:\/\/mowa.cl\/wp-content\/uploads\/elementor\/thumbs\/pngwing.com_-q7aflnzyiy8oyie2vuzjwc3zwvf1oowzea6luv70no.png","contentUrl":"https:\/\/mowa.cl\/wp-content\/uploads\/elementor\/thumbs\/pngwing.com_-q7aflnzyiy8oyie2vuzjwc3zwvf1oowzea6luv70no.png"},{"@type":"BreadcrumbList","@id":"https:\/\/mowa.cl\/index.php\/refrigeracion\/#breadcrumb","itemListElement":[{"@type":"ListItem","position":1,"name":"Portada","item":"https:\/\/mowa.cl\/"},{"@type":"ListItem","position":2,"name":"Refrigeracion"}]},{"@type":"WebSite","@id":"https:\/\/mowa.cl\/#website","url":"https:\/\/mowa.cl\/","name":"MOWA TECNOLOGIA","description":"instalacion de camaras redes informaticas y soporte tecnico profecional","publisher":{"@id":"https:\/\/mowa.cl\/#organization"},"potentialAction":[{"@type":"SearchAction","target":{"@type":"EntryPoint","urlTemplate":"https:\/\/mowa.cl\/?s={search_term_string}"},"query-input":"required name=search_term_string"}],"inLanguage":"es"},{"@type":"Organization","@id":"https:\/\/mowa.cl\/#organization","name":"MOWA TECNOLOGIA","url":"https:\/\/mowa.cl\/","logo":{"@type":"ImageObject","inLanguage":"es","@id":"https:\/\/mowa.cl\/#\/schema\/logo\/image\/","url":"https:\/\/mowa.cl\/wp-content\/uploads\/2023\/05\/cropped-mowa.png","contentUrl":"https:\/\/mowa.cl\/wp-content\/uploads\/2023\/05\/cropped-mowa.png","width":512,"height":512,"caption":"MOWA TECNOLOGIA"},"image":{"@id":"https:\/\/mowa.cl\/#\/schema\/logo\/image\/"},"sameAs":["https:\/\/www.facebook.com\/telecomputacionchile"]}]}},"_links":{"self":[{"href":"https:\/\/mowa.cl\/index.php\/wp-json\/wp\/v2\/pages\/146","targetHints":{"allow":["GET"]}}],"collection":[{"href":"https:\/\/mowa.cl\/index.php\/wp-json\/wp\/v2\/pages"}],"about":[{"href":"https:\/\/mowa.cl\/index.php\/wp-json\/wp\/v2\/types\/page"}],"author":[{"embeddable":true,"href":"https:\/\/mowa.cl\/index.php\/wp-json\/wp\/v2\/users\/1"}],"replies":[{"embeddable":true,"href":"https:\/\/mowa.cl\/index.php\/wp-json\/wp\/v2\/comments?post=146"}],"version-history":[{"count":19,"href":"https:\/\/mowa.cl\/index.php\/wp-json\/wp\/v2\/pages\/146\/revisions"}],"predecessor-version":[{"id":195,"href":"https:\/\/mowa.cl\/index.php\/wp-json\/wp\/v2\/pages\/146\/revisions\/195"}],"wp:attachment":[{"href":"https:\/\/mowa.cl\/index.php\/wp-json\/wp\/v2\/media?parent=146"}],"curies":[{"name":"wp","href":"https:\/\/api.w.org\/{rel}","templated":true}]}}